(z) is divided by 35.
13
Let f be (-2)/(-12) + (-34007)/(-186). Suppose 17*i = 123 + f. What is the remainder when 31 is divided by i?
13
Let q be (11 - -4) + -6 + (-10)/2. Suppose 4*u - 191 = -5*s, 126 = 3*s + q*u + 5. What is the remainder when 593 is divided by s?
33
Let c(i) = i**2 + 85*i + 910. What is the remainder when c(-11) is divided by 57?
39
What is the remainder when 13 is divided by (-8 - 1 - -9) + (-10)/(-1)?
3
Let p = 2615 - 2609. What is the remainder when 279 is divided by p?
3
Let z(q) = 4*q**2 + 103*q + 397. Suppose 4*u = 5*i + 16 - 102, 92 = 5*i + 2*u. Calculate the remainder when z(-4) is divided by i.
13
Suppose 4*o - 29 = -17. Suppose -5*k + 112 = -o*k. What is the remainder when k - 6/2 - -4 is divided by 15?
12
Suppose 0 = 2*m + 3*w - 85, m - w - 170 = -4*m. Let p(d) = -2*d + 1. Let i be p(-2). What is the remainder when 77 is divided by 1 + (-7)/i + 714/m?
17
Suppose -284*c - 5*k = -282*c - 132, -5*c + k + 438 = 0. Calculate the remainder when 1584 is divided by c.
36
Let j = 3 + 53. Let u = 544 + -289. Suppose 104*v = 119*v - u. Calculate the remainder when j is divided by v.
5
Let r(p) = -1320*p + 13355. What is the remainder when r(10) is divided by ((-4)/3)/((-1)/24)?
27
What is the remainder when 14 - 387387/(-54) - (-5)/30 is divided by 9?
6
Let u(r) = -8*r - 132. Let o be u(-17). Suppose o*q = -87 + 111. What is the remainder when 23 is divided by q?
5
Let k(b) = -488*b - 4843. What is the remainder when 784 is divided by k(-10)?
7
Let t be 8/2 - (-31 - -31). Suppose t*l - 5*f = 264, 3*l - 167 = 16*f - 20*f. Calculate the remainder when l is divided by 13.
9
Let q(l) = -433*l + 2699. Calculate the remainder when q(6) is divided by 13.
10
Suppose -203 = -q - 4*n, 0 = -36*q + 33*q - n + 653. Suppose 0 = 4*i + 3*t - 289, -2*i = 75*t - 71*t - 132. What is the remainder when q is divided by i?
67
Let a be 1*0*(4/1)/8. Suppose -5*o = -2*g + 301, a = g + o + o - 128. Suppose 408 = 3*f - g. Calculate the remainder when f is divided by 46.
44
Suppose 33*t - 4 = 32*t, -4*t = 4*n - 512. Calculate the remainder when 552 is divided by n.
56
Suppose 17*z - 20843 + 18327 = 0. What is the remainder when z is divided by 116?
32
Suppose -2*s = 3*s + 3*p - 146, -5*p = 2*s - 47. Let y = s - -7. Let w = 123 + -113. Calculate the remainder when y is divided by w.
8
Calculate the remainder when (-3 + 42093/(-36))/((-1)/((-16)/(-6))) is divided by 46.
44
Let p(f) = -f**3 + 5*f**2 - 2*f + 5. Let k be (6/15)/(4/160). Suppose -9*q = -5*q - k. Calculate the remainder when 23 is divided by p(q).
10
Let h = -7586 - -7597. What is the remainder when 426/3*(0 - -1) is divided by h?
10
Calculate the remainder when 1649 is divided by (-131)/(-6) - 22 - 355/(-6).
56
Suppose -1312132 = 238*l - 4258028 - 3080502. Calculate the remainder when l is divided by 25.
21
Let n(b) = -141*b + 67. Calculate the remainder when n(-1) is divided by 12.
4
What is the remainder when 198/(-726) - 17832/(-44) is divided by 37?
35
Suppose -35*g + 30*g + 686 = 3*m, -5*g - 903 = -4*m. What is the remainder when m is divided by 119?
108
Let l be (-52 - 2) + 9 - -5. Calculate the remainder when 281 is divided by 15/l - 678/(-16) - -5.
46
Let s = -16182 + 16255. What is the remainder when 949 is divided by s?
0
Suppose 0 = 20*p - 15*p + 5*i - 5440, 0 = -2*p - i + 2179. What is the remainder when p is divided by 39?
38
Suppose 4*g = 12*s - 9*s + 34, -16 = -4*g. What is the remainder when (-58224)/(-176) - s/33 is divided by 82?
3
Let o(p) = -5*p + 2 - 2. Suppose 987*l = 977*l + 790. Calculate the remainder when l is divided by o(-4).
19
Let t be 0 + (-1)/(-5) + (-88)/(-110). Let k(m) = 13*m**2 - 2*m + 2. Let c be k(t). Suppose -4*l + c = -15. What is the remainder when 14 is divided by l?
0
Let h be (-105)/(-21)*(-18)/10. What is the remainder when 19 is divided by (286/39)/(-2*3/h)?
8
Let z(v) = -25*v + 3963. Calculate the remainder when z(2) is divided by 112.
105
Let f(n) = -19*n - 127. Let v be f(-7). Suppose v = 3*r, 3*l - 57*r + 54*r = 153. Calculate the remainder when 153 is divided by l.
47
Let x(s) = s**3 - 11*s**2 + 45*s - 57. Calculate the remainder when 224 is divided by x(9).
38
Suppose 5*g = -3*i + 2*i + 38, 0 = 4*g + 4*i - 40. Calculate the remainder when (-68)/(-8) + -4 - (1785/(-14) + -18) is divided by g.
3
Let o = 5678 + -5506. What is the remainder when o is divided by 54?
10
Let n(h) = -6*h**3 + 61*h**2 - 3*h + 71. What is the remainder when n(10) is divided by 28/154 - (-1052)/22?
45
Suppose -4*l - 43 = -r - 7*l, -4*r = -2*l - 116. Let i = 6173 + -6092. Calculate the remainder when i is divided by r.
19
Let m(j) = j**2 - j - 4. Let w be m(3). Suppose -30 = -w*x + x. What is the remainder when x is divided by (-1377)/(-108)*12/9?
13
What is the remainder when (-8 - (12 + -18))/(0 - 4/5826) is divided by 100?
13
Suppose u + 5*b - 2690 = 0, -5*u + 14*b - 11*b = -13562. Calculate the remainder when u is divided by 59.
55
Suppose s + 2*z - 50 = 0, 3*z - z + 238 = 5*s. What is the remainder when 184 is divided by s?
40
Let f = -55 + 38. Let m(i) = -2*i**2 + 3*i + 4. Let a(c) = -17*c**2 + 8*c + 28. Let h(v) = -a(v) + 8*m(v). Calculate the remainder when h(f) is divided by 3.
0
Let h be 3/(12/4)*4*10. Let y = h - 37. Calculate the remainder when y is divided by 3.
0
Let c = 12203 - 12181. Suppose 11 = 3*o + 4*k, -9 = -5*o + 4*k + 20. Calculate the remainder when c is divided by o.
2
Let c be 788/12 + (-8)/12. Let f = 42 - c. Let y = 62 + f. What is the remainder when y is divided by 7?
4
Let g be (268/6)/(1/3). Let d = 177 - g. What is the remainder when d is divided by 9?
7
Suppose -4*m - 2*k = -0*k - 40, 0 = m - 2*k. What is the remainder when 9/(1881/38) + 768/11 is divided by m?
6
Suppose 16*r + 10170 = 40*r - 21*r. What is the remainder when r is divided by 106?
104
Let a(x) = -x**2 + x + 127. Let i be 0*((-2)/(-12)*3 + 0). What is the remainder when a(i) is divided by 25?
2
Suppose 70 = 5*f - 15. Let y = -54 - -13. What is the remainder when (-1 - y)/(-5)*-8 is divided by f?
13
Let t(n) = -20*n**3 + 2*n**2 + 3*n + 2. Let x(a) = -a**3 - 12*a**2 + 4*a - 111. What is the remainder when t(-1) is divided by x(-13)?
3
Let f(z) = -8*z + 3045. What is the remainder when f(32) is divided by 5?
4
Let v(q) = -183*q + 101. Calculate the remainder when v(-4) is divided by 31.
27
Suppose d - 104 = 4*s - 9*s, 4*s - 4*d = 88. Suppose -s - 8 = -l. Let q(a) = -7*a - 6. Calculate the remainder when q(-9) is divided by l.
28
Let v(j) = j - 2. Let o be v(7). Suppose -o = -l + 23. Let b = -8380 - -8390. Calculate the remainder when l is divided by b.
8
Suppose 2516 + 5916 = 124*b. What is the remainder when 562 is divided by b?
18
Suppose -79 + 5570 = -17*f. Let a = f - -351. What is the remainder when a is divided by 12?
4
Suppose 0*k - 1452 = 3*k - 1203. Let m be (1/(-2))/((-2)/412). Let g = m + k. Calculate the remainder when 98 is divided by g.
18
Let k be ((-8)/3)/(9/(81/(-6))). Let z(c) = 24*c**2 + c - 4. Let t be z(3). Suppose t = k*h + h. What is the remainder when 128 is divided by h?
42
Let v(b) = -13*b + 82. Let x be v(7). Let z(t) = -t**2 - 14*t - 30. Calculate the remainder when 47 is divided by z(x).
2
Suppose -4*f - 3*b + 5520 + 2475 = 0, -2*f = -3*b - 4029. Calculate the remainder when f is divided by 17.
15
Suppose 7*l - 56 = -21*l. Calculate the remainder when 13 is divided by (-14 + l)*(-9)/18 - -2.
5
Suppose 0 = j + 3*n - 266, -j = 4*n - 76 - 190. Suppose 2*c - g = 282, 0 = -c + 3*c + 3*g - j. Calculate the remainder when c is divided by 28.
27
Let q(b) = -5*b**2 - b - 14. Let i be q(5). Let t = i + 157. What is the remainder when 67 is divided by t?
2
Suppose -5*f + k + 169 = 0, -3*f - 45 = -4*f + 3*k. Suppose 0 = 5*h - 217 - f. What is the remainder when 399 is divided by h?
49
Suppose 44*u - 43*u = 14. Let a = 14 + u. What is the remainder when a is divided by 15?
13
Let w(n) = -n + 2. Let m be w(2). Suppose m = 4*c + 172 - 420. What is the remainder when 309 is divided by c?
61
Suppose -5*f - 18 = 2*n, -n + 5*f + 3 - 12 = 0. Let u = n + 18. What is the remainder when 29 is divided by 132/u - 4/(-3)?
13
Let k be (-535)/((40/15)/8). Let m be -4*-2*2/8. Calculate the remainder when (k/10)/(-3)*m is divided by 27.
26
Suppose 651 + 97 = 5*o - 4*t, 